. Let k be g(-4). What is the tens digit of 2/6 + k/(-6)?
1
Let v be (0 - 3)*(-4)/6. Suppose v*p - 1 = 3. Suppose 0 = -p*y + 2*f + 30, -2*y + 19 = 3*f - 6. What is the units digit of y?
4
Let m = 88 + -142. Let k = -28 - m. What is the tens digit of k?
2
Let w be (-3)/(-18)*8*-9. What is the units digit of -5*(w/4 - -1)?
0
Suppose -3*q = 3*f, -7 = -2*q + 2*f - 3. Let l be (q + (-2 - 0))*-4. What is the units digit of l + -2 + (0 - -3)?
5
Suppose -578 - 1906 = -12*b. What is the units digit of b?
7
Suppose -3*h - 2 = -17. Let a = h + -2. What is the units digit of a?
3
Suppose 0 = q + 127 - 401. Let y be q/10 + 4/(-10). Let k = y - 10. What is the units digit of k?
7
Let k = 101 - 47. What is the units digit of k?
4
Let y(p) be the first derivative of p**4/4 - 2*p**3/3 + p + 1. What is the units digit of y(2)?
1
Let o(g) = -g - 21. Let l be o(0). What is the units digit of (-132)/l + (-6)/21?
6
Let s = 138 - 83. Suppose 0 = -4*u + s + 17. Suppose 9 = 3*y - u. What is the units digit of y?
9
Suppose -19 + 29 = 2*j. Suppose -3*o + 2 + 42 = -5*z, 2*z = j*o - 86. What is the tens digit of o?
1
Suppose 2*i + 3*i = 0. Let y be (-4)/(0/(-3) + 1). What is the units digit of 4/y + 3 + i?
2
What is the tens digit of 33/((-5 - -2) + 4)?
3
Let l(r) = 3*r - 2. What is the units digit of l(9)?
5
Let v = 1 - -6. Let h be 51/v + (-8)/28. Suppose 28 + h = 5*u. What is the units digit of u?
7
Let b(i) = 35*i**3 + i**2 + i + 1. Let a be b(-1). Let j be (-4)/8 - a/4. What is the units digit of (j/6)/((-6)/(-27))?
6
Let a be ((0/(-2))/(-1))/(-1). Suppose 0 = 3*o - a - 42. What is the tens digit of o?
1
What is the units digit of (-2 - 2) + (1 - -127)?
4
Suppose r + 8 = 5*t, 2*r + 1 - 3 = t. Suppose -56 = -5*j + 4*w, 0 = -r*j - 5*w + 1 - 5. What is the units digit of j?
8
Let k = 7 - 2. Suppose k*x - 119 = -34. What is the tens digit of x?
1
Suppose -41 = -5*j - x + 3, 5*x + 20 = 5*j. What is the units digit of j?
8
Let q = 19 + -17. Suppose -3*n + 1 = -q*n. What is the units digit of n?
1
Let d = -147 - -232. What is the tens digit of d?
8
Let t(f) = 6*f. Let n be ((-1)/1)/(1/2). Let j be -7*n*1/7. What is the units digit of t(j)?
2
Let b(c) = -c**2 + 4*c + 1. Let i be b(7). Suppose 2*q + 3*q - 5*d = 185, 0 = -3*d - 12. Let j = i + q. What is the tens digit of j?
1
Let x = -32 + 67. What is the units digit of x?
5
Let a(k) = 17*k**3 - 2*k**2 + 1. Let w(m) = -m**3 + 5*m**2 + 2*m - 7. Let q be w(5). Let j be (2/(-3))/((-2)/q). What is the tens digit of a(j)?
1
Suppose 0 = -11*l + 421 + 932. What is the units digit of l?
3
Let y be (-9)/15 + (-122)/5. What is the units digit of 1*(3 - 6) - y?
2
Suppose 32*v - 476 = 25*v. What is the units digit of v?
8
Suppose q - 4*d = 2*q - 71, 2*d = q - 47. What is the tens digit of q?
5
Suppose 0 = -q + w - 3, q = 5*q + 2*w + 18. Let i = q - -6. What is the units digit of i?
2
Let a(r) = -r**3 + 8*r**2 - r + 10. Let h be a(8). What is the units digit of (-25)/(-3) + h/(-6)?
8
Let w(n) = -n + 5. Let m be w(0). Suppose m*d + 10 = 0, -b - 4*d = -5*b - 40. What is the units digit of b/(-5) - 2/5?
2
Let v(i) = 10*i - 2. Let x be -6*((-12)/(-8) - 2). What is the tens digit of v(x)?
2
Suppose -4*y = -7*y - 3*c + 96, -118 = -4*y + c. Suppose w - 2 = -0*w. Suppose -5*i - k + w*k = -y, 5*i - 35 = 2*k. What is the units digit of i?
5
Let q be 0/(2 - (3 - 2)). Suppose 68 = -q*m + 3*m - i, -4*m - i = -79. What is the units digit of m?
1
Let h(s) = s**3 + 5*s**2 - 2*s - 1. What is the tens digit of h(-4)?
2
Suppose -16*y + 19*y = 300. What is the hundreds digit of y?
1
Suppose -4 = -t + 24. Suppose 3*j = -0*y + y + 26, 4*j + 2*y = t. What is the units digit of j?
8
Let n(f) = 1. Let v(c) = 2*c**2 - 5*c - 4. Let s(l) = 6*n(l) + v(l). What is the units digit of s(3)?
5
Let h be (4 - -13)*(-1 - -2). Let m = 40 - h. What is the units digit of m?
3
Let k(j) = j**3 + 8*j**2 - 5*j - 9. What is the tens digit of k(-8)?
3
Suppose 34 = -d - 30. Let h = 97 + d. What is the tens digit of h?
3
Suppose 0 = 4*w + 6 - 22. Let i = -13 + 17. Suppose 8 = w*v + i. What is the units digit of v?
1
What is the units digit of (-31)/(-3) + (-8)/(-12)?
1
Suppose 7*q + 210 = 3*w + 2*q, 5*q = 4*w - 280. What is the units digit of w?
0
Let u = 2 - -8. What is the units digit of u?
0
Suppose 4*u - 5*q + 10 = -7*q, 5*u + 2*q + 12 = 0. What is the units digit of 38/(-2)*2/u?
9
What is the units digit of 6/(-4)*(-1786)/57?
7
Let n be 3*(0 - 4/(-3)). Let k = n - 2. Suppose 0 = 2*t - 0*t - k. What is the units digit of t?
1
Let b(w) = 3*w**2 + 12 - 2*w**2 + w**2. What is the tens digit of b(0)?
1
What is the hundreds digit of -5 + ((-168)/(-1) - 4)?
1
Let y = -30 - -44. What is the tens digit of y?
1
Let y(u) = 7*u**3 - 2*u - 1. Let d be y(-1). Let w be 28/(-12) - 2/d. What is the units digit of (w/(-5))/(3/15)?
2
Let q(k) = k**2 - 7*k - 8. Let r(s) = -3*s**2 + 15*s + 17. Let w(y) = -5*q(y) - 2*r(y). Suppose -3*h + 4 = -g, 0*h = -2*h. What is the units digit of w(g)?
2
Suppose 0*p = -p - 3*u - 3, -u + 19 = -3*p. Let y(z) = z**2 + 6*z. Let o be y(p). Suppose 5*r + o*r = 85. What is the tens digit of r?
1
What is the units digit of (-1)/((-8)/(-116))*-2?
9
Let n = 21 + -19. Suppose 4*d = n*s - 46, 0 = -9*s + 4*s - 2*d + 175. What is the tens digit of s?
3
Let d be 4/((-4)/(-7)) + 3. Suppose 0 = 2*h + d, -16 = -2*z - 0*h + 2*h. What is the units digit of z?
3
Suppose -14*f = -9*f - 20. What is the tens digit of (-2)/(f/(-2)) - -37?
3
Let o(a) = -a**2 - 6*a + 4. Let n be o(-7). Let d = n - -7. Suppose 3*c + d*b + 8 = 7*c, -5*c + 34 = 3*b. What is the units digit of c?
5
Let s = 81 + -6. Suppose 3*h - 6*h + s = 0. What is the tens digit of h?
2
Suppose 0 = 4*k - 10 - 2. Suppose -4*f + 2*q + 0*q = -184, -5*f + k*q + 230 = 0. Suppose -4*h + 26 = -f. What is the units digit of h?
8
Let t(m) = -13*m - 38. What is the units digit of t(-18)?
6
Let y(j) = -5*j - 27. Let a(x) = 2*x + 13. Let d(g) = -7*a(g) - 3*y(g). Let n be d(10). Suppose n = -q + 2*q - 19. What is the units digit of q?
9
Let l = 9 - 5. What is the units digit of (3 - 4) + 2 + l?
5
Let v be 1/(-3)*(-59 + 2). Suppose 5*k = -v + 94. Let i = k - 9. What is the units digit of i?
6
Let h = -18 - -6. Let g = h - -22. What is the tens digit of g?
1
What is the tens digit of (27/6)/((-1)/(-6))?
2
Suppose -2*y + 91 - 1 = 0. What is the units digit of y?
5
Suppose -q - 8*q = -1782. What is the units digit of q?
8
Let o(f) = -9*f - 3. Let c be o(-3). Let j = c + -16. What is the units digit of j?
8
Let b(i) = 2*i + 2. Let u be b(-3). Let c = u + 7. What is the units digit of c?
3
Let i be (15/10)/(6/16). What is the tens digit of (-133)/(-6) - i/24?
2
Suppose 0 = -3*s + 5 + 19. Suppose -2*n + 3 = 3*m - 4*m, 4*m - 3*n - s = 0. Suppose 4*p = -p + m*c + 30, -2*p = -3*c - 14. What is the units digit of p?
4
Suppose 2*s - 4*s = 10. Let d = 10 + s. What is the units digit of d?
5
Let k(z) = -z**3 - 7*z**2 + 4*z - 6. Let m be (2/(-3))/((-8)/(-84)). Let j be k(m). Let y = j + 48. What is the units digit of y?
4
Let g(k) = -3*k - 6 - 8*k**2 + 2*k**3 - 6*k - 3*k**3. Let q be g(-7). Let p(t) = -t**2 + 9*t - 1. What is the units digit of p(q)?
7
Let w(a) = a**3 + 8*a**2 - 18*a - 12. What is the tens digit of w(-8)?
3
Suppose 0 = -b - b + 6. Let c = b - 0. What is the units digit of c?
3
What is the tens digit of ((-11)/(-33))/(1/258)?
8
Let p = 39 - 83. Let i = -17 - p. What is the units digit of i?
7
Suppose 3*c - 3*a - 2*a = 191, -5*a + 37 = c. Let o = -31 + c. What is the tens digit of o?
2
Let r(f) = 6*f - 6. Suppose 6*w = -0*w + 42. What is the units digit of r(w)?
6
Let t be -14*1/(-3)*3. What is the tens digit of (t/(-42))/((-2)/222)?
3
Let d be 2/(-8) + (-123)/(-12). Suppose -o = z + 3*o + 15, -2*o - 13 = -5*z. Let n = d - z. What is the units digit of n?
9
Suppose 2*j = 5*j - 69. What is the units digit of j?
3
Suppose 0 = 3*g + c - 432, -407 = -2*g - 3*c - 119. Suppose -g = q - 5*q. What is the units digit of 8/6*q/8?
6
What is the units digit of (-31)/((15/10)/(-3))?
2
Suppose -5*d - 28 = 42. What is the tens digit of (44/6)/(d/(-21))?
1
Let m = 19 + -8. Suppose d = -4*g - m, 3*d - 10 - 22 = g. What is the units digit of d?
9
Let n(r) = -14*r - 7. What is the units digit of n(-3)?
5
Let w = -77 + 135. Suppose -13 = 5*u - w. What i